{"id":30678,"date":"2018-06-02T14:09:25","date_gmt":"2018-06-02T12:09:25","guid":{"rendered":"https:\/\/www.contentologue.com\/formation-blog-professionnel\/?page_id=30678"},"modified":"2024-09-10T15:24:28","modified_gmt":"2024-09-10T13:24:28","slug":"politique-de-confidentialite","status":"publish","type":"page","link":"https:\/\/www.contentologue.com\/formations\/politique-de-confidentialite\/","title":{"rendered":"Politique de confidentialit\u00e9"},"content":{"rendered":"<p>Cette Politique de confidentialit\u00e9 d\u00e9crit nos r\u00e8gles concernant la gestion, le traitement et le stockage des donn\u00e9es personnelles soumises dans le cadre de nos services. Le terme\u00a0<i>\u00ab donn\u00e9es personnelles \u00bb<\/i>\u00a0d\u00e9signe les informations relatives \u00e0 une personne physique identifi\u00e9e ou qui peut \u00eatre identifi\u00e9e..<\/p>\n<h3><\/h3>\n<h3>Consentement<\/h3>\n<p>En s\u2019inscrivant \u00e0 nos services ou en achetant nos produits, vous convenez et acceptez que Sophie Gauthier (contentologue.com)\u00a0puisse recueillir, traiter, stocker et\/ou utiliser les donn\u00e9es personnelles soumises en conformit\u00e9 avec les r\u00e8gles expos\u00e9es ci-apr\u00e8s.<\/p>\n<p>En nous donnant votre consentement, vous conservez \u00e9galement le droit de rectification, le droit \u00e0 l\u2019oubli et\/ou le droit \u00e0 la suppression de vos donn\u00e9es personnelles.<\/p>\n<p>&nbsp;<\/p>\n<h3>Donn\u00e9es personnelles collect\u00e9es<\/h3>\n<p>&nbsp;<\/p>\n<ul>\n<li><b>Identit\u00e9 et coordonn\u00e9es du responsable de traitement de donn\u00e9es<\/b><\/li>\n<\/ul>\n<p>Les donn\u00e9es personnelles sont collect\u00e9es sur notre site par la soci\u00e9t\u00e9 Sophie Gauthier n\u00b0 SIREN 515 004 844 et dont le si\u00e8ge social est 2 place Gustave Philippon 87000 Limoges.<\/p>\n<ul>\n<li><b>D\u00e9claration CNIL<\/b><\/li>\n<\/ul>\n<p>Les traitements automatiques d\u2019informations ont fait l\u2019objet de d\u00e9clarations \u00e0 la CNIL sous le n\u00b0 1795967.<\/p>\n<p>Vous conservez le droit de d\u00e9poser une r\u00e9clamation pour atteinte \u00e0 la protection de vos donn\u00e9es, aupr\u00e8s de cette autorit\u00e9 de contr\u00f4le.<\/p>\n<p>&nbsp;<\/p>\n<ul>\n<li><b>Donn\u00e9es collect\u00e9es sur le site<\/b><\/li>\n<\/ul>\n<p>Lorsque vous vous inscrivez \u00e0 nos services, les donn\u00e9es suivantes sont collect\u00e9es et trait\u00e9es : email, pr\u00e9nom, nom ( uniquement pour les inscrits aux formations) pays, adresse(s) IP. En utilisant nos services, les donn\u00e9es suivantes sont collect\u00e9es et trait\u00e9es : donn\u00e9es de connexion et donn\u00e9es de navigation lorsque vous l\u2019autorisez, historiques de commandes, r\u00e9clamations, incidents, informations relatives aux abonnements et correspondances sur notre site. Certaines donn\u00e9es sont collect\u00e9es automatiquement du fait de vos actions sur le site (voir le paragraphe relatif aux cookies ci-dessous).<\/p>\n<p>Les donn\u00e9es soumises ne doivent pas inclure de donn\u00e9es personnelles sensibles, du type identifiants gouvernementaux (comme les num\u00e9ros de s\u00e9curit\u00e9 sociale, de permis de conduire, ou les num\u00e9ros d\u2019identification de contribuable), num\u00e9ros complets de carte de cr\u00e9dit ou de compte bancaire personnel, dossiers m\u00e9dicaux ou informations relatives \u00e0 des demandes de soins associ\u00e9es \u00e0 des personnes.<\/p>\n<p>&nbsp;<\/p>\n<ul>\n<li><b>Finalit\u00e9s des traitements et base juridique<\/b><\/li>\n<\/ul>\n<p>L\u2019objectif principal de la collecte de vos donn\u00e9es personnelles est de vous offrir une exp\u00e9rience s\u00fbre, optimale, efficace et personnalis\u00e9e. A cette fin, vous acceptez que nous puissions utiliser vos donn\u00e9es personnelles pour :<\/p>\n<ul>\n<li>fournir nos services et en faciliter le fonctionnement, y compris en menant pour ce faire des v\u00e9rifications vous concernant ;<\/li>\n<li>r\u00e9soudre les \u00e9ventuels probl\u00e8mes afin d\u2019am\u00e9liorer l\u2019utilisation de notre site et de nos services ;<\/li>\n<li>personnaliser, \u00e9valuer, am\u00e9liorer nos services, contenus et documentation ;<\/li>\n<li>analyser le volume et l\u2019historique de votre utilisation de nos services ;<\/li>\n<li>vous informer sur nos services et ceux de nos soci\u00e9t\u00e9s partenaires ;<\/li>\n<li>emp\u00eacher, d\u00e9tecter et enqu\u00eater sur toutes activit\u00e9s potentiellement interdites et ill\u00e9gales ou contraires aux bonnes pratiques, et assurer la conformit\u00e9 avec nos conditions g\u00e9n\u00e9rales d\u2019utilisation et notre politique d\u2019envoi ;<\/li>\n<li>respecter nos obligations l\u00e9gales et r\u00e9glementaires.<\/li>\n<\/ul>\n<p>Pour les clients qui se sont inscrits directement sur le site, nous traitons leurs donn\u00e9es pour l\u2019ex\u00e9cution du contrat de prestation de services.<\/p>\n<p>Pour nos newsletters, les \u00e9tudes de cas et le mat\u00e9riel marketing, nous traitons vos donn\u00e9es\u00a0personnelles\u00a0sur la base du consentement explicite que vous avez donn\u00e9 \u00e0 cet effet.<\/p>\n<p>&nbsp;<\/p>\n<ul>\n<li><b>Newsletter et emails marketing<\/b><\/li>\n<\/ul>\n<p>Un lien de d\u00e9sinscription est inclus dans chaque newsletter et email marketing que nous envoyons.<\/p>\n<p>Pour ceux d\u2019entre vous ayant explicitement choisi de recevoir notre newsletter, vous pouvez facilement vous en d\u00e9sinscrire en suivant les liens de d\u00e9sinscription figurant dans chacun de ces emails.<\/p>\n<p>&nbsp;<\/p>\n<ul>\n<li><b>Emails statistiques\u00a0<\/b><\/li>\n<\/ul>\n<p>Sans que cela soit syst\u00e9matique, nous pouvons analyser et traquer les diff\u00e9rents taux (par exemple de clics, d\u2019ouverture et le taux de rebond) et le nombre d\u2019emails envoy\u00e9s \u00a0afin de mesurer la performance de nos campagnes emailing.<\/p>\n<p>&nbsp;<\/p>\n<ul>\n<li><b>T\u00e9moignages<\/b><\/li>\n<\/ul>\n<p>Sophie Gauthier (contentologue.com) publie sur son site une liste de Clients &amp; T\u00e9moignages comportant des informations sur le nom de ses clients et leur site web. Sophie Gauthier (contentologue.com) s\u2019engage \u00e0 obtenir l\u2019autorisation de chaque client avant publication sur le site de tout t\u00e9moignage.\u00a0Si vous souhaitez \u00eatre retir\u00e9 de la liste, vous pouvez nous envoyer un email \u00e0 https:\/\/www.contentologue.com\/contact\/, nous supprimerons vos informations tr\u00e8s rapidement.<\/p>\n<p>&nbsp;<\/p>\n<ul>\n<li><b>Destinataires de vos donn\u00e9es<\/b><\/li>\n<\/ul>\n<p>Les donn\u00e9es personnelles vous concernant collect\u00e9es sur le site sont destin\u00e9es pour la propre utilisation par Sophie Gauthier (contentologue.com)\u00a0et peuvent \u00eatre transmises aux soci\u00e9t\u00e9s sous-traitantes auxquelles Sophie Gauthier (contentologue.com) peut faire appel dans le cadre de l\u2019ex\u00e9cution de ses services. Sophie Gauthier (contentologue.com) assure la conformit\u00e9 avec les exigences de protection des donn\u00e9es pour toutes ses soci\u00e9t\u00e9s sous-traitantes.<\/p>\n<p>Sophie Gauthier (contentologue.com)\u00a0ne vend ni ne loue vos donn\u00e9es personnelles \u00e0 des tiers \u00e0 des fins de marketing, en aucun cas.<\/p>\n<p>En outre, Sophie Gauthier (contentologue.com) ne divulgue pas vos donn\u00e9es personnelles \u00e0 des tiers, except\u00e9 si (1) vous (ou votre administrateur de compte agissant en votre nom) en formulez la demande ou autorisez la divulgation ; (2) la divulgation est requise pour traiter des transactions ou fournir des services que vous avez demand\u00e9s (i.e., aux fins de v\u00e9rification de vos bonnes pratiques d\u2019envoi ou dans le cadre du traitement d\u2019une carte d\u2019achat avec des soci\u00e9t\u00e9s \u00e9mettrices de cartes de cr\u00e9dit) ; (3)\u00a0Sophie Gauthier (contentologue.com)\u00a0y est contrainte par une autorit\u00e9 gouvernementale ou un organisme de r\u00e9glementation, en cas de r\u00e9quisition judiciaire, de citation \u00e0 compara\u00eetre ou de toute autre exigence gouvernementale ou judiciaire similaire, ou pour \u00e9tablir ou d\u00e9fendre une demande l\u00e9gale ; ou (4) le tiers agit en tant que qu\u2019agent ou de sous-traitant de\u00a0Sophie Gauthier (contentologue.com)\u00a0dans l\u2019ex\u00e9cution des services (par exemple,\u00a0Sophie Gauthier (contentologue.com)\u00a0utilise les services d\u2019une soci\u00e9t\u00e9 de t\u00e9l\u00e9communications).<\/p>\n<p>&nbsp;<\/p>\n<ul>\n<li><b>Vos droits \u00e0 la protection des donn\u00e9es<\/b><\/li>\n<\/ul>\n<p>Conform\u00e9ment \u00e0 la loi Informatique et Libert\u00e9s et le R\u00e8glement Europ\u00e9en G\u00e9n\u00e9ral sur la Protection des Donn\u00e9es 2016\/679 (RGPD), vous disposez des droits d\u2019acc\u00e8s, de rectification et de suppression des donn\u00e9es personnelles vous concernant que vous pouvez exercer en nous envoyant un ticket de support \u00e0 https:\/\/www.contentologue.com\/contact\/. Vos requ\u00eates seront trait\u00e9es dans les 30 jours. Nous pouvons vous demander \u00e0 ce que votre demande soit accompagn\u00e9e d\u2019une photocopie de preuve d\u2019identit\u00e9 ou d\u2019autorit\u00e9.<\/p>\n<p>Si vous \u00eates inscrit \u00e0 nos services, vous pouvez \u00e9galement \u00e0 tout moment modifier vous-m\u00eames les donn\u00e9es personnelles vous concernant en vous loguant \u00e0 votre compte et en cliquant sur \u201c\u00e9diter mon profil\u201d.<\/p>\n<p>&nbsp;<\/p>\n<ul>\n<li><b>Cookies\/Tracking<\/b><\/li>\n<\/ul>\n<p>En r\u00e8gle g\u00e9n\u00e9rale, Sophie Gauthier (contentologue.com) utilise les cookies et le tracking aux fins d\u2019am\u00e9liorer et personnaliser le site et\/ou en mesurer l\u2019audience. Les cookies sont des fichiers enregistr\u00e9s sur le disque dur de votre ordinateur lors de votre navigation sur Internet et notamment sur le site. Un cookie ne sert pas \u00e0 recueillir des donn\u00e9es personnelles \u00e0 votre insu mais \u00e0 enregistrer des informations relatives \u00e0 votre navigation sur le site qui pourront \u00eatre directement lues par\u00a0Sophie Gauthier (contentologue.com)\u00a0lors de vos visites et requ\u00eates ult\u00e9rieures sur le site.<\/p>\n<p>Si vous choisissez de refuser l\u2019ensemble des cookies, votre navigation pourra \u00eatre r\u00e9duite pour acc\u00e9der \u00e0 certaines pages du site. Les cookies utilis\u00e9s par Sophie Gauthier (contentologue.com) ont pour finalit\u00e9 de permettre ou faciliter la communication, de permettre la fourniture des services demand\u00e9s par les utilisateurs, de reconna\u00eetre les utilisateurs lors d\u2019une prochaine visite, de s\u00e9curiser les paiements que les utilisateurs peuvent \u00eatre amen\u00e9s \u00e0 r\u00e9aliser, d\u2019enregistrer la langue parl\u00e9e par les utilisateurs ou autres pr\u00e9f\u00e9rences n\u00e9cessaires \u00e0 la fourniture du service demand\u00e9.<\/p>\n<p>Sophie Gauthier (contentologue.com)\u00a0utilise aussi des outils d\u2019analyse et \u00a0de suivi afin de mesurer l'audience et r\u00e9aliser des analyses sur l\u2019exp\u00e9rience de navigation afin d\u2019am\u00e9liorer le contenu et d\u2019envoyer des e-mails promotionnels cibl\u00e9s.<\/p>\n<p>Par d\u00e9faut, les cookies ne sont pas automatiquement install\u00e9s (\u00e0 l\u2019exception des cookies n\u00e9cessaires au fonctionnement du site et des services de\u00a0Sophie Gauthier (contentologue.com),\u00a0dont l\u2019installation vous est signal\u00e9e par un bandeau). Conform\u00e9ment \u00e0 la r\u00e9glementation applicable, Sophie Gauthier (contentologue.com) requerra votre autorisation avant d\u2019implanter tout autre type de cookies sur votre disque dur. Afin d\u2019\u00e9viter toute g\u00eane occasionn\u00e9e par ces demandes d\u2019autorisation syst\u00e9matiques et profiter d\u2019une navigation ininterrompue, vous pouvez configurer votre ordinateur afin d\u2019accepter les cookies de\u00a0Sophie Gauthier (contentologue.com)\u00a0ou nous pouvons m\u00e9moriser votre refus ou acceptation relatif \u00e0 certains cookies. Par d\u00e9faut les navigateurs acceptent tous les cookies.<\/p>\n<p>Lorsque vous acc\u00e9dez \u00e0 des sites tiers faisant de la publicit\u00e9 sur le site de Sophie Gauthier (contentologue.com), ou \u00e9ventuellement lorsque vous visualisez ces publicit\u00e9s, des cookies peuvent \u00eatre cr\u00e9\u00e9s par les soci\u00e9t\u00e9s diffusant ces publicit\u00e9s. Ces tiers pouvant utiliser des cookies dans le cadre des services de\u00a0Sophie Gauthier (contentologue.com)\u00a0(partenaires ou autres tiers fournissant du contenu ou des services disponibles sur le site de Sophie Gauthier (contentologue.com)\u00a0sont responsables des cookies qu\u2019ils mettent en place et ce sont leurs dispositions relatives aux cookies qui s\u2019appliquent.\u00a0Sophie Gauthier (contentologue.com)\u00a0n\u2019assume aucune responsabilit\u00e9 quant \u00e0 l\u2019\u00e9ventuelle utilisation de cookies par ces tiers. Pour plus de pr\u00e9cisions, il vous est conseill\u00e9 de consulter directement sur ces sites annonceurs ou tiers leur politique en mati\u00e8re d\u2019utilisation de cookies.<\/p>\n<p>&nbsp;<\/p>\n<p><b>DONN\u00c9ES DE TIERS<\/b><\/p>\n<p>Dans le cadre de l\u2019utilisation de nos services, \u00e0 savoir Blogonomia, et coachings priv\u00e9s, Sophie Gauthier (contentologue.com) a acc\u00e8s \u00e0 toutes les informations sur vos propres clients, que vous souhaiterez lui communiquer (Skype et forum).<\/p>\n<p>Les donn\u00e9es sont stock\u00e9es sur des serveurs s\u00e9curis\u00e9s et seule\u00a0Sophie Gauthier (contentologue.com) a acc\u00e8s \u00e0 vos informations.<\/p>\n<p>Vous pouvez demander \u00e0 supprimer toutes donn\u00e9es quand vous le souhaitez sur simple demande.<\/p>\n<p>En aucun cas Sophie Gauthier (contentologue.com) ne vend, partage ou loue les informations concernant vos clients, ni ne les utilise \u00e0 des fins autres que celles expos\u00e9es aux pr\u00e9sentes. Nous utiliserons les informations li\u00e9es \u00e0 vos clients seulement pour des exigences l\u00e9gales, pour aux fins de vous former aux services demand\u00e9s (blogging, \u00e9criture, marketing).<\/p>\n<p>&nbsp;<\/p>\n<p>&nbsp;<\/p>\n<p><b>CONSERVATION DES DONN\u00c9ES<\/b><\/p>\n<p>Sophie Gauthier (contentologue.com) collecte vos donn\u00e9es personnelles pour les besoins de l\u2019ex\u00e9cution de ses obligations contractuelles ainsi que des informations sur la fa\u00e7on et la fr\u00e9quence d\u2019utilisation de nos services et nous conservons ces donn\u00e9es dans des bases de donn\u00e9es actives, des fichiers journaux ou d\u2019autres types de fichiers tant que vous utilisez nos services.<\/p>\n<p>Sophie Gauthier (contentologue.com) ne stocke vos donn\u00e9es que le temps n\u00e9cessaire \u00e0 la fourniture du service, et jusqu'\u00e0 la fermeture de votre compte ( \u00e0 moins que la loi en exige autrement). Vous pourrez acc\u00e9der \u00e0 vos donn\u00e9es personnelles tant que votre compte reste actif et pour une p\u00e9riode qui peut varier selon le type de formation achet\u00e9e. Le contenu de votre message sera stock\u00e9 uniquement pendant la dur\u00e9e de votre formation. Les autres donn\u00e9es\u00a0peuvent \u00eatre supprim\u00e9es \u00e0 tout moment pendant l\u2019utilisation active de votre compte, en conformit\u00e9 avec les dispositions \u00e9nonc\u00e9es ci-dessus.<\/p>\n<p>&nbsp;<\/p>\n<p><b>LIEU DE STOCKAGE DES DONN\u00c9ES ET TRANSFERTS<\/b><\/p>\n<p>Les serveurs d\u2019h\u00e9bergement sur lesquels\u00a0Sophie Gauthier (contentologue.com) traite et stocke les bases de donn\u00e9es sont exclusivement situ\u00e9s au sein de l\u2019Union Europ\u00e9enne.<\/p>\n<p>Sophie Gauthier (contentologue.com) s\u2019engage \u00e0 vous informer imm\u00e9diatement, dans la mesure o\u00f9 nous y sommes l\u00e9galement autoris\u00e9s, en cas de requ\u00eate provenant d\u2019une autorit\u00e9 administrative ou judiciaire relative \u00e0 vos donn\u00e9es.<\/p>\n<p>&nbsp;<\/p>\n<p><b>S\u00c9CURIT\u00c9<\/b><\/p>\n<p>Dans le cadre de ses services, Sophie Gauthier (contentologue.com)\u00a0<strong><span style=\"color: #ff0000;\">\u00a0<\/span><\/strong>accorde la plus haute importance \u00e0 la s\u00e9curit\u00e9 et \u00e0 l\u2019int\u00e9grit\u00e9 des donn\u00e9es personnelles de ses clients.<\/p>\n<p>Ainsi, et conform\u00e9ment au RGPD, Sophie Gauthier (contentologue.com) s\u2019engage \u00e0 prendre toutes pr\u00e9cautions utiles afin de pr\u00e9server la s\u00e9curit\u00e9 des donn\u00e9es et notamment de les prot\u00e9ger contre toute destruction accidentelle ou illicite, perte accidentelle, alt\u00e9ration, diffusion ou acc\u00e8s non autoris\u00e9s, ainsi que contre toute autre forme de traitement illicite ou communication \u00e0 des personnes non autoris\u00e9es.<\/p>\n<p>A cette fin,\u00a0Sophie Gauthier (contentologue.com)met en \u0153uvre les mesures de s\u00e9curit\u00e9 standard de l\u2019industrie pour prot\u00e9ger les donn\u00e9es personnelles d\u2019une divulgation non autoris\u00e9e. En utilisant les m\u00e9thodes d\u2019encodage recommand\u00e9es par l\u2019industrie, Sophie Gauthier (contentologue.com) prend les mesures n\u00e9cessaires pour prot\u00e9ger les informations li\u00e9es aux r\u00e8glements et aux cartes de cr\u00e9dit.<\/p>\n<p>Par ailleurs, afin d\u2019\u00e9viter notamment tout acc\u00e8s non autoris\u00e9, de garantir l\u2019exactitude et une bonne utilisation des donn\u00e9es, Sophie Gauthier (contentologue.com) a mis en place des proc\u00e9dures \u00e9lectroniques, physiques et d\u2019encadrement appropri\u00e9es en vue de sauvegarder et pr\u00e9server les donn\u00e9es recueillies \u00e0 travers ses services.<\/p>\n<p>Malgr\u00e9 tout, personne ne peut se consid\u00e9rer comme \u00e9tant compl\u00e8tement \u00e0 l\u2019abri d\u2019une attaque de pirates. C\u2019est pourquoi dans le cas o\u00f9 une faille de s\u00e9curit\u00e9 venait \u00e0 vous impacter, Sophie Gauthier (contentologue.com)s\u2019engage \u00e0 vous en informer d\u00e8s que possible et \u00e0 faire ses meilleurs efforts pour prendre toutes les mesures possibles pour neutraliser l\u2019intrusion et en minimiser les impacts. Dans le cas o\u00f9 vous subiriez un dommage du fait de l\u2019exploitation d\u2019une faille de s\u00e9curit\u00e9 par un tiers, Sophie Gauthier (contentologue.com) s\u2019engage \u00e0 vous fournir toute l\u2019assistance n\u00e9cessaire afin que vous puissiez faire valoir vos droits.<\/p>\n<p>Il convient de garder \u00e0 l\u2019esprit que tout utilisateur, client ou pirate d\u00e9couvrant une faille de s\u00e9curit\u00e9 et l\u2019exploitant s\u2019expose \u00e0 des sanctions p\u00e9nales et que Sophie Gauthier (contentologue.com) prendra toutes mesures, y compris par le biais d\u2019un d\u00e9p\u00f4t de plainte et\/ou d\u2019une action en justice, pour pr\u00e9server les donn\u00e9es et droits de ses utilisateurs et les siens et d\u2019en limiter l\u2019impact au maximum.<\/p>\n<p>&nbsp;<\/p>\n<h3>Mots de passe de Comptes.<\/h3>\n<p>En adoptant les recommandations de la CNIL concernant le niveau de s\u00e9curit\u00e9 des mots de passes, le mot de passe de votre compte doit contenir au moins 8 caract\u00e8res, 1 chiffre, 1 nombre et 1 caract\u00e8re sp\u00e9cial.<\/p>\n<p>&nbsp;<\/p>\n<p><b>MODIFICATION DE LA POLITIQUE DE CONFIDENTIALIT\u00c9<\/b><\/p>\n<p>Sophie Gauthier (contentologue.com) se r\u00e9serve le droit de faire \u00e9voluer la pr\u00e9sente Politique de confidentialit\u00e9 \u00e0 tout moment, notamment en application des changements apport\u00e9s aux lois et r\u00e9glementations en vigueur. Les modifications apport\u00e9es vous seront notifi\u00e9es via notre site web ou par email, dans la mesure du possible trente (30) jours au moins avant que ceux-ci n\u2019entrent en application. Nous vous recommandons de v\u00e9rifier ces r\u00e8gles de temps en temps pour rester inform\u00e9 de nos proc\u00e9dures et r\u00e8gles concernant vos informations personnelles.<\/p>\n<p>&nbsp;<\/p>\n<p><b>CONTACTEZ NOUS<\/b><\/p>\n<p>Visitez notre page de contact \u00e0\u00a0https:\/\/www.contentologue.com\/contact\/, si vous avez des questions.<\/p>\n","protected":false},"excerpt":{"rendered":"<p>Cette Politique de confidentialit\u00e9 d\u00e9crit nos r\u00e8gles concernant la gestion,&hellip;<\/p>\n<p> <a class=\"more-link\" href=\"https:\/\/www.contentologue.com\/formations\/politique-de-confidentialite\/\">Read more<\/a><\/p>\n","protected":false},"author":1,"featured_media":0,"parent":0,"menu_order":0,"comment_status":"closed","ping_status":"closed","template":"","meta":{"footnotes":""},"class_list":["post-30678","page","type-page","status-publish"],"_links":{"self":[{"href":"https:\/\/www.contentologue.com\/formations\/wp-json\/wp\/v2\/pages\/30678","targetHints":{"allow":["GET"]}}],"collection":[{"href":"https:\/\/www.contentologue.com\/formations\/wp-json\/wp\/v2\/pages"}],"about":[{"href":"https:\/\/www.contentologue.com\/formations\/wp-json\/wp\/v2\/types\/page"}],"author":[{"embeddable":true,"href":"https:\/\/www.contentologue.com\/formations\/wp-json\/wp\/v2\/users\/1"}],"replies":[{"embeddable":true,"href":"https:\/\/www.contentologue.com\/formations\/wp-json\/wp\/v2\/comments?post=30678"}],"version-history":[{"count":0,"href":"https:\/\/www.contentologue.com\/formations\/wp-json\/wp\/v2\/pages\/30678\/revisions"}],"wp:attachment":[{"href":"https:\/\/www.contentologue.com\/formations\/wp-json\/wp\/v2\/media?parent=30678"}],"curies":[{"name":"wp","href":"https:\/\/api.w.org\/{rel}","templated":true}]}}