{"id":31130,"date":"2018-09-08T13:56:59","date_gmt":"2018-09-08T11:56:59","guid":{"rendered":"https:\/\/www.contentologue.com\/formation-blog-professionnel\/?page_id=31130"},"modified":"2026-01-09T11:54:19","modified_gmt":"2026-01-09T10:54:19","slug":"acces-aux-formations","status":"publish","type":"page","link":"https:\/\/www.contentologue.com\/formations\/","title":{"rendered":"Acc\u00e8s aux formations"},"content":{"rendered":"<div class=\"wpb-content-wrapper\"><p>[vc_row][vc_column][vc_column_text css=\"\"]<img loading=\"lazy\" decoding=\"async\" class=\" wp-image-32810 aligncenter\" src=\"https:\/\/www.contentologue.com\/formations\/wp-content\/uploads\/2019\/12\/logoformations-1.png\" alt=\"logo formations\" width=\"701\" height=\"161\" srcset=\"https:\/\/www.contentologue.com\/formations\/wp-content\/uploads\/2019\/12\/logoformations-1.png 1366w, https:\/\/www.contentologue.com\/formations\/wp-content\/uploads\/2019\/12\/logoformations-1-300x69.png 300w, https:\/\/www.contentologue.com\/formations\/wp-content\/uploads\/2019\/12\/logoformations-1-1024x234.png 1024w, https:\/\/www.contentologue.com\/formations\/wp-content\/uploads\/2019\/12\/logoformations-1-768x175.png 768w\" sizes=\"auto, (max-width: 701px) 100vw, 701px\" \/><\/p>\n<p style=\"padding-left: 40px;\">Bienvenue sur la page des formations Contentologue : des parcours pens\u00e9s pour vous aider \u00e0 \u00e9crire avec plus de clart\u00e9, de confiance et de plaisir \u270d\ufe0f\u2728<br data-start=\"360\" data-end=\"363\" \/>Prenez le temps de parcourir le catalogue ci-dessous : vous y trouverez des contenus concrets, structur\u00e9s et con\u00e7us pour vous faire avancer, pas \u00e0 pas, dans votre \u00e9criture \ud83d\ude0a\ud83d\udcda<\/p>\n<p style=\"padding-left: 40px;\">Si vous \u00eates d\u00e9j\u00e0 membre, connectez-vous \u00e0 votre espace en cliquant sur \"Connexion\" en haut \u00e0 droite.<\/p>\n<p>[\/vc_column_text][\/vc_column][\/vc_row][vc_row full_width=\"stretch_row\" gap=\"10\" full_height=\"yes\" equal_height=\"yes\"][vc_column width=\"1\/3\" css=\".vc_custom_1614854273559{border-top-width: 2px !important;border-right-width: 2px !important;border-bottom-width: 2px !important;border-left-width: 2px !important;border-left-color: #35adc7 !important;border-left-style: solid !important;border-right-color: #35adc7 !important;border-right-style: solid !important;border-top-color: #35adc7 !important;border-top-style: solid !important;border-bottom-color: #35adc7 !important;border-bottom-style: solid !important;border-radius: 2px !important;}\"][vc_column_text]<\/p>\n<h4 style=\"text-align: center;\"><span style=\"color: #e86d92;\"><strong><a style=\"color: #e86d92;\" href=\"https:\/\/www.contentologue.com\/formation-ecrire-un-roman\/\" target=\"_blank\" rel=\"noopener noreferrer\">Du r\u00eave au roman<\/a><\/strong><\/span><\/h4>\n<p>[\/vc_column_text][vc_single_image image=\"32239\" img_size=\"full\" alignment=\"center\"][vc_column_text]Une formation compl\u00e8te, \u00e9tape par \u00e9tape pour apprendre \u00e0 \u00e9crire un roman et se faire \u00e9diter.[\/vc_column_text][vc_btn title=\"D\u00e9couvrir la formation\" style=\"flat\" shape=\"square\" color=\"pink\" align=\"center\" css=\"\" button_block=\"true\" link=\"url:https%3A%2F%2Fwww.contentologue.com%2Fformation-ecrire-un-roman%2F|||\"][\/vc_column][vc_column width=\"1\/3\" css=\".vc_custom_1614854328620{border-top-width: 2px !important;border-right-width: 2px !important;border-bottom-width: 2px !important;border-left-width: 2px !important;border-left-color: #35adc7 !important;border-left-style: solid !important;border-right-color: #35adc7 !important;border-right-style: solid !important;border-top-color: #35adc7 !important;border-top-style: solid !important;border-bottom-color: #35adc7 !important;border-bottom-style: solid !important;border-radius: 2px !important;}\"][vc_column_text css=\"\"]<\/p>\n<h4 style=\"text-align: center;\"><span style=\"color: #808080;\"><a style=\"color: #808080;\" href=\"https:\/\/www.contentologue.com\/formation-roman-essentiel\/\">Du r\u00eave au roman : l'essentiel<\/a><\/span><\/h4>\n<p>[\/vc_column_text][vc_single_image image=\"32724\" img_size=\"medium\" alignment=\"center\" onclick=\"custom_link\" css=\"\" link=\"https:\/\/www.contentologue.com\/formation-roman-essentiel\/\"][vc_column_text css=\"\"]<\/p>\n<p style=\"text-align: center;\">Toutes les \u00e9tapes de la formation Du r\u00eave au roman synth\u00e9tis\u00e9es. Pour les autonomes press\u00e9s !<\/p>\n<p>[\/vc_column_text][vc_btn title=\"D\u00e9couvrir la formation\" style=\"flat\" shape=\"square\" align=\"center\" css=\"\" button_block=\"true\" link=\"url:https%3A%2F%2Fwww.contentologue.com%2Fformation-roman-essentiel%2F\"][\/vc_column][vc_column width=\"1\/3\" css=\".vc_custom_1614854320975{border-top-width: 2px !important;border-right-width: 2px !important;border-bottom-width: 2px !important;border-left-width: 2px !important;border-left-color: #35adc7 !important;border-left-style: solid !important;border-right-color: #35adc7 !important;border-right-style: solid !important;border-top-color: #35adc7 !important;border-top-style: solid !important;border-bottom-color: #35adc7 !important;border-bottom-style: solid !important;border-radius: 2px !important;}\"][vc_column_text]<\/p>\n<h4 style=\"text-align: center;\"><span style=\"color: #bf962e;\"><a style=\"color: #bf962e;\" href=\"https:\/\/www.contentologue.com\/apprendre-a-ecrire-des-nouvelles\/\">L'art de la nouvelle<\/a><\/span><\/h4>\n<p>[\/vc_column_text][vc_single_image image=\"34570\" img_size=\"full\" alignment=\"center\"][vc_column_text]Comment \u00e9crire des nouvelles et se faire conna\u00eetre en tant qu'auteur.[\/vc_column_text][vc_btn title=\"D\u00e9couvrir la formation\" style=\"flat\" shape=\"square\" color=\"chino\" align=\"center\" css=\"\" button_block=\"true\" link=\"url:https%3A%2F%2Fwww.contentologue.com%2Fapprendre-a-ecrire-des-nouvelles%2F|||\"][\/vc_column][\/vc_row][vc_row gap=\"10\" full_height=\"yes\" equal_height=\"yes\" css=\".vc_custom_1729259845378{margin-top: 10px !important;}\"][vc_column width=\"1\/3\" css=\".vc_custom_1614855026861{border-top-width: 2px !important;border-right-width: 2px !important;border-bottom-width: 2px !important;border-left-width: 2px !important;border-left-color: #35adc7 !important;border-left-style: solid !important;border-right-color: #35adc7 !important;border-right-style: solid !important;border-top-color: #35adc7 !important;border-top-style: solid !important;border-bottom-color: #35adc7 !important;border-bottom-style: solid !important;border-radius: 2px !important;}\"][vc_column_text]<\/p>\n<h4 style=\"text-align: center;\"><span style=\"color: #3366ff;\"><a style=\"color: #3366ff;\" href=\"https:\/\/www.contentologue.com\/formations\/comment-ecrire-un-livre-et-le-vendre\/\">Comment \u00e9crire un livre et le vendre<\/a><\/span><\/h4>\n<p>[\/vc_column_text][vc_single_image image=\"30495\" img_size=\"full\" alignment=\"center\"][vc_column_text]Une formation \u00e9tape par \u00e9tape, pour apprendre \u00e0 \u00e9crire un livre de non-fiction (didactique, pratique, ebook, essai\u2026) et s'autopublier.[\/vc_column_text][vc_btn title=\"D\u00e9couvrir la formation\" style=\"flat\" shape=\"square\" color=\"sky\" align=\"center\" button_block=\"true\" link=\"url:https%3A%2F%2Fwww.contentologue.com%2Fformations%2Fcomment-ecrire-un-livre-et-le-vendre%2F|||\"][\/vc_column][vc_column width=\"1\/3\" css=\".vc_custom_1614855019806{border-top-width: 2px !important;border-right-width: 2px !important;border-bottom-width: 2px !important;border-left-width: 2px !important;border-left-color: #35adc7 !important;border-left-style: solid !important;border-right-color: #35adc7 !important;border-right-style: solid !important;border-top-color: #35adc7 !important;border-top-style: solid !important;border-bottom-color: #35adc7 !important;border-bottom-style: solid !important;border-radius: 2px !important;}\"][vc_column_text]<\/p>\n<h4 style=\"text-align: center;\"><span style=\"color: #ff9900;\"><a style=\"color: #ff9900;\" href=\"https:\/\/www.contentologue.com\/formations\/mon-carnet-creatif\/\">Mon Carnet Cr\u00e9atif<\/a><\/span><\/h4>\n<p>[\/vc_column_text][vc_single_image image=\"30801\" img_size=\"full\" alignment=\"center\"][vc_column_text]300 exercices de cr\u00e9ativit\u00e9 pour les \u00e9crivains. 150 exercices d'\u00e9criture et 150 exercices de cr\u00e9ativit\u00e9 et de d\u00e9veloppement personnel.[\/vc_column_text][vc_btn title=\"D\u00e9couvrir la formation\" style=\"flat\" shape=\"square\" color=\"orange\" align=\"center\" css=\"\" button_block=\"true\" link=\"url:https%3A%2F%2Fwww.contentologue.com%2Fformations%2Fmon-carnet-creatif%2F|||\"][\/vc_column][vc_column width=\"1\/3\" css=\".vc_custom_1614855521264{border-top-width: 2px !important;border-right-width: 2px !important;border-bottom-width: 2px !important;border-left-width: 2px !important;border-left-color: #35adc7 !important;border-left-style: solid !important;border-right-color: #35adc7 !important;border-right-style: solid !important;border-top-color: #35adc7 !important;border-top-style: solid !important;border-bottom-color: #35adc7 !important;border-bottom-style: solid !important;border-radius: 2px !important;}\"][vc_column_text css=\"\"]<\/p>\n<h4 style=\"text-align: center;\"><span style=\"color: #187d78;\"><a style=\"color: #187d78;\" href=\"https:\/\/www.contentologue.com\/formations\/ecrire-avec-chat-gpt\/\">La box IA des \u00e9crivains<\/a><\/span><\/h4>\n<p>[\/vc_column_text][vc_column_text css=\"\"]27 outils IA pour vous accompagner dans votre \u00e9criture : 5 formateurs, 12 g\u00e9n\u00e9rateurs d\u2019id\u00e9es, 10 auteurs inspirants.[\/vc_column_text][vc_single_image image=\"37335\" img_size=\"full\" alignment=\"center\" onclick=\"custom_link\" css=\"\" link=\"https:\/\/www.contentologue.com\/formations\/ecrire-avec-chat-gpt\/\"][vc_btn title=\"D\u00e9couvrir La Box IA des \u00c9crivains\" style=\"flat\" shape=\"square\" color=\"peacoc\" align=\"center\" css=\"\" button_block=\"true\" link=\"url:https%3A%2F%2Fwww.contentologue.com%2Fformations%2Fecrire-avec-chat-gpt%2F|target:_blank\"][\/vc_column][\/vc_row][vc_row gap=\"10\" full_height=\"yes\" equal_height=\"yes\" css=\".vc_custom_1729259845378{margin-top: 10px !important;}\"][vc_column width=\"1\/3\" css=\".vc_custom_1614855026861{border-top-width: 2px !important;border-right-width: 2px !important;border-bottom-width: 2px !important;border-left-width: 2px !important;border-left-color: #35adc7 !important;border-left-style: solid !important;border-right-color: #35adc7 !important;border-right-style: solid !important;border-top-color: #35adc7 !important;border-top-style: solid !important;border-bottom-color: #35adc7 !important;border-bottom-style: solid !important;border-radius: 2px !important;}\"][vc_column_text css=\"\"]<\/p>\n<h4 style=\"text-align: center;\"><a href=\"https:\/\/www.contentologue.com\/comment-ecrire-une-autobiographie-ou-autofiction\/\"><span style=\"color: #008000;\">Je suis donc j'\u00e9cris<\/span><\/a><\/h4>\n<p>[\/vc_column_text][vc_single_image image=\"35266\" img_size=\"full\" alignment=\"center\" css=\"\"][vc_column_text css=\"\"]<\/p>\n<p style=\"text-align: center;\">De l'autobiographie \u00e0 l'autofiction.<\/p>\n<p style=\"text-align: center;\">5 formations en 1.<\/p>\n<p>[\/vc_column_text][vc_btn title=\"D\u00e9couvrir la formation\" style=\"flat\" shape=\"square\" color=\"success\" align=\"center\" css=\"\" button_block=\"true\" link=\"url:https%3A%2F%2Fwww.contentologue.com%2Fcomment-ecrire-une-autobiographie-ou-autofiction%2F|target:_blank\"][\/vc_column][vc_column width=\"1\/3\" css=\".vc_custom_1734624551269{border-top-width: 2px !important;border-right-width: 2px !important;border-bottom-width: 2px !important;border-left-width: 2px !important;border-left-style: solid !important;border-right-style: solid !important;border-top-style: solid !important;border-bottom-style: solid !important;border-radius: 2px !important;border-color: #35adc7 !important;}\"][vc_column_text css=\"\"]<\/p>\n<h4 style=\"text-align: center;\"><a href=\"https:\/\/www.contentologue.com\/formation-ecriture-enfants\/\"><span style=\"color: #bd794f;\">Ma premi\u00e8re histoire<\/span><\/a><\/h4>\n<p>[\/vc_column_text][vc_single_image image=\"37342\" img_size=\"full\" alignment=\"center\" onclick=\"custom_link\" css=\"\" link=\"https:\/\/www.contentologue.com\/formation-ecriture-enfants\/\"][vc_column_text css=\"\"]<\/p>\n<p style=\"text-align: center;\">Une aventure guid\u00e9e pour <strong>apprendre \u00e0 \u00e9crire des histoires aux enfants<\/strong>, pas \u00e0 pas, en s\u2019amusant.<\/p>\n<p>[\/vc_column_text][vc_btn title=\"D\u00e9couvrir la formation\" style=\"flat\" shape=\"square\" color=\"sandy-brown\" align=\"center\" css=\"\" button_block=\"true\" link=\"url:https%3A%2F%2Fwww.contentologue.com%2Fformation-ecriture-enfants%2F|target:_blank\"][\/vc_column][vc_column width=\"1\/3\" css=\".vc_custom_1736079129349{border-top-width: 2px !important;border-right-width: 2px !important;border-bottom-width: 2px !important;border-left-width: 2px !important;border-left-style: solid !important;border-right-style: solid !important;border-top-style: solid !important;border-bottom-style: solid !important;border-radius: 2px !important;border-color: #35adc7 !important;}\"][vc_column_text]<\/p>\n<h4 style=\"text-align: center;\"><a href=\"https:\/\/www.contentologue.com\/auto-hypnose-pour-ecrivains\/\"><span style=\"color: #941b94;\">Auto-hypnose pour \u00e9crivains<\/span><\/a><\/h4>\n<p>[\/vc_column_text][vc_single_image image=\"33174\" img_size=\"full\" alignment=\"center\"][vc_column_text]Pack de 7 audios d'auto-hypnose pour \u00e9crivains + bonus relaxation[\/vc_column_text][vc_btn title=\"D\u00e9couvrir la formation\" style=\"flat\" shape=\"square\" color=\"violet\" align=\"center\" css=\"\" button_block=\"true\" link=\"url:https%3A%2F%2Fwww.contentologue.com%2Fauto-hypnose-pour-ecrivains%2F|||\"][\/vc_column][\/vc_row][vc_row gap=\"10\" full_height=\"yes\" equal_height=\"yes\" css=\".vc_custom_1729259845378{margin-top: 10px !important;}\"][vc_column width=\"1\/3\" css=\".vc_custom_1614855026861{border-top-width: 2px !important;border-right-width: 2px !important;border-bottom-width: 2px !important;border-left-width: 2px !important;border-left-color: #35adc7 !important;border-left-style: solid !important;border-right-color: #35adc7 !important;border-right-style: solid !important;border-top-color: #35adc7 !important;border-top-style: solid !important;border-bottom-color: #35adc7 !important;border-bottom-style: solid !important;border-radius: 2px !important;}\"][vc_column_text css=\"\"]<\/p>\n<h4 style=\"text-align: center;\"><a href=\"https:\/\/www.contentologue.com\/packs-ecrivains\/\"><span style=\"color: #0000ff;\">Pack \u00e9crivain complet<\/span><\/a><\/h4>\n<p>[\/vc_column_text][vc_single_image image=\"36202\" img_size=\"medium\" alignment=\"center\" onclick=\"custom_link\" img_link_target=\"_blank\" css=\"\" link=\"https:\/\/www.contentologue.com\/packs-ecrivains\/\"][vc_column_text css=\"\"]<\/p>\n<p style=\"text-align: center;\">Acc\u00e9dez \u00e0 toutes les formations en un pack complet pour \u00e9crivains et profitez d'une promotion exceptionnelle de -40% !<\/p>\n<p>[\/vc_column_text][vc_btn title=\"Acc\u00e9der \u00e0 toutes les formations\" style=\"flat\" shape=\"square\" color=\"primary\" align=\"center\" css=\"\" button_block=\"true\" link=\"url:https%3A%2F%2Fwww.contentologue.com%2Fpacks-ecrivains%2F|target:_blank\"][\/vc_column][vc_column width=\"1\/3\" css=\".vc_custom_1767955777298{border-top-width: 2px !important;border-right-width: 2px !important;border-bottom-width: 2px !important;border-left-width: 2px !important;border-left-style: solid !important;border-right-style: solid !important;border-top-style: solid !important;border-bottom-style: solid !important;border-color: #35adc7 !important;}\"][vc_column_text css=\"\"]<\/p>\n<h4 style=\"text-align: center;\"><span style=\"color: #ff00ff;\">Pack Mini-Formations<\/span><\/h4>\n<p>[\/vc_column_text][vc_single_image image=\"36497\" img_size=\"medium\" alignment=\"center\" css=\"\"][vc_column_text css=\"\"]<\/p>\n<p style=\"text-align: center;\">Acc\u00e9dez au pack des mini-formations et d\u00e9couvrez des formations rapides et essentielles sur des aspects sp\u00e9cifiques de l'\u00e9criture cr\u00e9ative.<\/p>\n<p>[\/vc_column_text][vc_btn title=\"Acc\u00e9der au Pack mini-formations\" style=\"flat\" shape=\"square\" color=\"danger\" align=\"center\" css=\"\" button_block=\"true\" link=\"url:https%3A%2F%2Fwww.contentologue.com%2Fpack-mini-formations-decriture%2F|target:_blank\"][\/vc_column][vc_column width=\"1\/3\"][\/vc_column][\/vc_row][vc_row][vc_column][\/vc_column][\/vc_row]<\/p>\n<\/div>","protected":false},"excerpt":{"rendered":"<p>[vc_row][vc_column][vc_column_text css=\u00a0\u00bb\u00a0\u00bb] Bienvenue sur la page des formations Contentologue :&hellip;<\/p>\n<p> <a class=\"more-link\" href=\"https:\/\/www.contentologue.com\/formations\/\">Read more<\/a><\/p>\n","protected":false},"author":1,"featured_media":0,"parent":0,"menu_order":0,"comment_status":"closed","ping_status":"closed","template":"","meta":{"footnotes":""},"class_list":["post-31130","page","type-page","status-publish"],"_links":{"self":[{"href":"https:\/\/www.contentologue.com\/formations\/wp-json\/wp\/v2\/pages\/31130","targetHints":{"allow":["GET"]}}],"collection":[{"href":"https:\/\/www.contentologue.com\/formations\/wp-json\/wp\/v2\/pages"}],"about":[{"href":"https:\/\/www.contentologue.com\/formations\/wp-json\/wp\/v2\/types\/page"}],"author":[{"embeddable":true,"href":"https:\/\/www.contentologue.com\/formations\/wp-json\/wp\/v2\/users\/1"}],"replies":[{"embeddable":true,"href":"https:\/\/www.contentologue.com\/formations\/wp-json\/wp\/v2\/comments?post=31130"}],"version-history":[{"count":0,"href":"https:\/\/www.contentologue.com\/formations\/wp-json\/wp\/v2\/pages\/31130\/revisions"}],"wp:attachment":[{"href":"https:\/\/www.contentologue.com\/formations\/wp-json\/wp\/v2\/media?parent=31130"}],"curies":[{"name":"wp","href":"https:\/\/api.w.org\/{rel}","templated":true}]}}